{"id":21,"date":"2014-09-21T22:57:12","date_gmt":"2014-09-21T20:57:12","guid":{"rendered":"http:\/\/192.168.1.5\/?page_id=21"},"modified":"2020-02-09T18:36:22","modified_gmt":"2020-02-09T16:36:22","slug":"annee-2","status":"publish","type":"page","link":"https:\/\/aquariuslebateau.synology.me\/?page_id=21","title":{"rendered":"2018-2019"},"content":{"rendered":"<p style=\"text-align: right;\">ngg_shortcode_0_placeholder<\/p>\n<p>Antilles -&gt; Les \u00eeles du Pacifique Sud<\/p>\n<p>De Janvier \u00e0&nbsp; Mars 2018:<\/p>\n<ul>\n<li>Bateau toujours bas\u00e9 au Marin, croisi\u00e8res \u00e0 la demande !<\/li>\n<\/ul>\n<p><em>(Maj 01\/12\/2018)<\/em><\/p>\n<p>\u00c7a approche, \u00e7a approche. Voici donc les dates pr\u00e9visionnelles. Elles s&#8217;entendent au plus t\u00f4t pour le d\u00e9part (de Paris),&nbsp; et au plus tard pour le retour (sur Paris). Et on s&#8217;adaptera \u00e9videmment en fonction des contraintes des uns et des autres. Les distances sont estimatives, mais proches de la r\u00e9alit\u00e9.<\/p>\n<ol>\n<li>Martinique -&gt; Grenade: 13 avril 2018 &#8211; 22 avril 2018. 150 miles<\/li>\n<li>Grenade -&gt; Aruba: 29 Septembre 2018 -13 Octobre 2018. 600 miles<\/li>\n<li>Aruba-&gt; Carthagene: 13 Octobre- 18 Octobre. 350 miles<\/li>\n<li>Cathagene -&gt; San Blas:&nbsp; 18 Octobre -26 Octobre. 250 miles<\/li>\n<li>San Blas-&gt; Entr\u00e9e du canal de Panama:&nbsp; 26 Octobre 2018 &#8211;&nbsp; 4 Novembre 2018. 100 miles<\/li>\n<li>Entr\u00e9e du canal&nbsp; \u00e0 Colon -&gt; Sortie du canal \u00e0 Panama City: 2 Janvier -&gt; 9 janvier 2019. 80 miles<\/li>\n<li>Panama City -&gt; Galapagos: 9 Janvier 2019 &#8211; 19 Janvier 2019. 900 miles<\/li>\n<li>Galapagos -&gt; Marquises: 22 F\u00e9vrier 2019 -&gt; 24 Mars 2019. 3.000 miles. Le gros morceau.<\/li>\n<li>Marquises -&gt; Tahiti: 24 Avril 2019 -&gt; 19 Mai 2019. 900 miles (mais l\u00e0 on visite)<\/li>\n<\/ol>\n<p>Et les \u00e9quipiers(\u00e8res)&nbsp; qui ont confirm\u00e9 leur pr\u00e9sence:<\/p>\n<ol>\n<li>Martinique -&gt; Grenade:&nbsp; S\u00e9gol\u00e8ne, Nicolas, Jean, Mathilde et Eric de Lavar\u00e8ne, Diego&nbsp;Guillem, Juliette France<\/li>\n<li>Grenade -&gt; Aruba:&nbsp; &nbsp;Franck et Marie-Pascale Delorme ,&nbsp; Olivier Motte<\/li>\n<li>Aruba -&gt; Carthag\u00e8ne: S\u00e9gol\u00e8ne, Cl\u00e9ment et Florence de Souza, Miguel&nbsp; Garcia, Olivier Dutoit<\/li>\n<li>Carthag\u00e8ne -&gt; San Blas: Cl\u00e9ment et Florence de Souza, Olivier Dutoit<\/li>\n<li>San Blas -&gt; Colon: Marine et S\u00e9gol\u00e8ne, Alexandre Garnier, Laure et Benoit Genouville, Doroth\u00e9e et Alexandre S., Laure et Nicolas H.<\/li>\n<li>Colon -&gt; Panama city -&gt;&nbsp;&nbsp;Galapagos:&nbsp;\n<ul>\n<li>Fr\u00e9d\u00e9rique Lucas,&nbsp; Chantal Bourges, Alice Gatignol<\/li>\n<\/ul>\n<\/li>\n<li>Galapagos -&gt; Marquises:&nbsp;\n<ul>\n<li>Jean Gatignol, Hubert Branger, Brigitte Bonnemains<\/li>\n<\/ul>\n<\/li>\n<li>Marquises -&gt; Tahiti:&nbsp;\n<ul>\n<li>S\u00e9gol\u00e8ne, Gilles et Caroline Rigal, Franck et Sophie Le Sage,&nbsp;<\/li>\n<\/ul>\n<\/li>\n<\/ol>\n<p>A bient\u00f4t !<\/p>\n","protected":false},"excerpt":{"rendered":"<p>Antilles -&gt; Les \u00eeles du Pacifique Sud De Janvier \u00e0&nbsp; Mars 2018: Bateau toujours bas\u00e9 au Marin, croisi\u00e8res \u00e0 la demande ! (Maj 01\/12\/2018) \u00c7a approche, \u00e7a approche. Voici donc les dates pr\u00e9visionnelles. Elles s&#8217;entendent au plus t\u00f4t pour le d\u00e9part (de Paris),&nbsp; et au plus tard pour le retour (sur Paris). Et on s&#8217;adaptera &hellip; <a href=\"https:\/\/aquariuslebateau.synology.me\/?page_id=21\" class=\"more-link\">Continue reading <span class=\"screen-reader-text\">2018-2019<\/span> <span class=\"meta-nav\">&rarr;<\/span><\/a><\/p>\n","protected":false},"author":1,"featured_media":0,"parent":27,"menu_order":0,"comment_status":"open","ping_status":"open","template":"","meta":{"ngg_post_thumbnail":0},"_links":{"self":[{"href":"https:\/\/aquariuslebateau.synology.me\/index.php?rest_route=\/wp\/v2\/pages\/21"}],"collection":[{"href":"https:\/\/aquariuslebateau.synology.me\/index.php?rest_route=\/wp\/v2\/pages"}],"about":[{"href":"https:\/\/aquariuslebateau.synology.me\/index.php?rest_route=\/wp\/v2\/types\/page"}],"author":[{"embeddable":true,"href":"https:\/\/aquariuslebateau.synology.me\/index.php?rest_route=\/wp\/v2\/users\/1"}],"replies":[{"embeddable":true,"href":"https:\/\/aquariuslebateau.synology.me\/index.php?rest_route=%2Fwp%2Fv2%2Fcomments&post=21"}],"version-history":[{"count":26,"href":"https:\/\/aquariuslebateau.synology.me\/index.php?rest_route=\/wp\/v2\/pages\/21\/revisions"}],"predecessor-version":[{"id":3193,"href":"https:\/\/aquariuslebateau.synology.me\/index.php?rest_route=\/wp\/v2\/pages\/21\/revisions\/3193"}],"up":[{"embeddable":true,"href":"https:\/\/aquariuslebateau.synology.me\/index.php?rest_route=\/wp\/v2\/pages\/27"}],"wp:attachment":[{"href":"https:\/\/aquariuslebateau.synology.me\/index.php?rest_route=%2Fwp%2Fv2%2Fmedia&parent=21"}],"curies":[{"name":"wp","href":"https:\/\/api.w.org\/{rel}","templated":true}]}}